et z(c) = -c**2 + 3*c**2 - 2 + c**3 - c**2. Determine z(g).
-2
Let k = -16 - -3. Let o = k + 18. Let n(h) = -20*h**3 + 12*h**2 - 5*h - 11. Let t(x) = -7*x**3 + 4*x**2 - 2*x - 4. Let p(r) = -6*n(r) + 17*t(r). Give p(o).
3
Let o(p) = 5*p**3 + 2*p - 1. Let k be o(1). Let u(f) = 2*f - 4. Let z(l) = 2*l - 4. Let y(v) = 5*u(v) - 4*z(v). What is y(k)?
8
Let r = -20 - -28. Let v(d) = -r*d + 23*d + 5*d**2 - 14*d. What is v(1)?
6
Let g(l) be the third derivative of -1/120*l**6 + l**2 + 2/15*l**5 + 0*l + 0 - 1/3*l**4 + 5/3*l**3. Calculate g(7).
3
Let v(j) be the first derivative of -5*j + 3 + 5/2*j**2 - 1/3*j**3. Calculate v(5).
-5
Suppose -2*p + 3 = -3. Let g be (-26)/(-6) + p/(-9). Let w(u) = 0 - u + 2*u - 3. Give w(g).
1
Let y(x) = 2*x - 3. Let k be y(5). Let i = 11 - k. Let f(r) = -11*r**2 - 2*r + i*r**2 + 0 + 1. Determine f(1).
-8
Suppose 7 - 3 = 2*b. Suppose -j + b*j = -f - 87, -5*j + 105 = -f. Let l be 2/7 - f/(-21). Let q(y) = y**3 + 3*y**2 - 5*y - 4. Calculate q(l).
0
Let n(a) be the first derivative of a**3/3 + a**2/2 - a + 2. Suppose 2*w + q + 5 = 3*w, 3*w + 5*q + 17 = 0. Suppose -5*g = w - 6. Determine n(g).
1
Suppose -m + 2*o = -5, 0 = -3*m + 2*o - 7*o + 37. Let s = m + -6. Let z(v) = -v**3 + 4*v**2 - 5*v + 4. What is z(s)?
-2
Suppose -u - 2*n - 1 = -n, -4*u - 2*n + 6 = 0. Suppose -4*d = u*k + 8, -5*k + 9 + 11 = -5*d. Let o(p) = 4*p + 1. Determine o(k).
5
Suppose -9 = -4*o - 25. Let k(n) = 3*n + 6. Determine k(o).
-6
Let t be 11/5 - 1/5. Let l be (-4)/(t/(-3 - -5)). Let w(a) = 3*a + 6. What is w(l)?
-6
Let b(z) = z + 10. Let m be b(-7). Suppose -5*s = -m*c, -2*s + c = -4 + 3. Let y(f) = -f**3 + 4*f**2 - 2*f. What is y(s)?
3
Let s(o) = -4*o - 2. Let f(y) = y**3 + 11*y**2 + 10*y + 5. Let q be f(-10). Let l = q + -7. Determine s(l).
6
Let t(o) = -o**3 - 6*o**2 + 6*o - 5. Let m = -20 - -13. Determine t(m).
2
Let h(l) = 2*l + 4*l**2 + 1 - 3*l**3 - 2*l**2 - l**3. Let y(c) = c**3 - 8*c**2 + 7*c - 1. Let v = -17 + 24. Let k be y(v). Determine h(k).
5
Let t = -234 - -231. Let b(h) be the second derivative of -h**4/6 - h**3/2 + 3*h**2/2 - h. Give b(t).
-6
Suppose 0 = -2*f + 5*f - 6. Let o(z) = -4*z + f*z - 1 + z. Calculate o(2).
-3
Let j be (1 + 7 + -2)/2. Suppose j*x - 2 - 4 = 0. Let o(m) = m + 2. Let t(q) = -3. Let b(f) = -4*o(f) - 3*t(f). Give b(x).
-7
Let p(a) = 3*a - 13. Let u(y) = -2*y + 6 + 1 + 0. Let o(w) = 3*p(w) + 5*u(w). Suppose 3*b + 3*i + 9 = 0, b + 2*i + 2 + 0 = 0. What is o(b)?
0
Suppose a - 6*a = 15. Let l(p) = -1 + 2*p + 6 - p**3 - 1 + 0*p**2 - 3*p**2. Give l(a).
-2
Let i(p) = 6*p - 2. Let m be i(0). Let d(v) = 4*v**2 + v + 1. Determine d(m).
15
Let c(z) be the third derivative of z**6/120 - 11*z**5/60 + 11*z**4/24 - 2*z**3 - 25*z**2. Give c(10).
-2
Let o(t) = 2*t - t - 1 + 2*t**2 - t. Let b = -2 - -15. Suppose 0 = -5*r - 3 + b. Calculate o(r).
7
Let o = -1 + 6. Let t = 7 - o. Suppose -t*b + 5*b + 12 = 0. Let n(l) = -l**2 - 6*l - 3. Calculate n(b).
5
Let y be 5/(-20) - (-42)/8. Let l(f) = 5*f**2 + 4*f + f + y + f**3 + 2*f. Determine l(-4).
-7
Let v = -62 + 72. Let f(u) = u**2 - 10*u - 2. Give f(v).
-2
Suppose 2*h = -0*h + 10. Let i(f) be the first derivative of 1/2*f**2 - 6 - f. Determine i(h).
4
Let v(d) be the second derivative of -5*d**3/6 - d**2 + 27*d. Let o(h) = h**2 + 3*h - 2. Let c be o(-3). Calculate v(c).
8
Let y(i) = i + 5. Suppose 2*j - 3*j = -11. Let z = 7 - j. Give y(z).
1
Let b(j) = 24 - 13 - 17 - j**2 - 5*j. What is b(-5)?
-6
Let t(r) = -4 + 4 + 3*r + 2. Let c = 32 - 6. Suppose 5*x - 3*q = -22, 2*x = -x + 5*q - c. Calculate t(x).
-4
Let z(b) be the second derivative of b**5/20 + b**4/3 + 2*b**3/3 + b**2 - 2*b. Let i be z(-2). Let d(l) = 0 + 3 - i - l**2 + 5*l. Calculate d(5).
1
Let v(p) = -p - 4 + 2 + 3. Let s = -5 - -11. Give v(s).
-5
Let j(f) = 2*f + 4. Suppose 3*n = -2*a - 16, 5*a + 15 = n - 8. What is j(a)?
-6
Suppose n = -f - 5, 3*n = f + n + 8. Let r(k) = -k**2 - 7*k - 5. What is r(f)?
1
Let r be (12/(-4))/((-3)/2). Suppose 0 = -r*i - 2*i. Let u = i + -3. Let a(n) = n**3 + 4*n**2 - 2. What is a(u)?
7
Let o(l) = -l + 10. Let g be o(9). Let j(v) = -4 + 2*v**3 - 2 - g - v + 6 + v**2. Give j(-1).
-1
Suppose -2 = -m - u, 2*m = -6*u + u + 7. Let s(o) = -19*o + 1. Determine s(m).
-18
Let c(h) = -h**3 - 3*h - 5. Let w(z) = -z - 1. Let l(s) = c(s) - 2*w(s). Give l(0).
-3
Suppose -z = -2*v - 8, -3*z + v + 18 = -2*v. Suppose 16 = z*g - 2*g. Let u = -7 + g. Let k(w) = 8*w**2 + w - 1. Calculate k(u).
8
Let v(o) = -o**2 + 10*o - 5. Let g be v(8). Suppose -3*d + c - 1 - 13 = 0, 0 = -3*d + 4*c - g. Let q(p) = -p**3 - 6*p**2 - 5*p + 1. Determine q(d).
1
Let m(v) = v**3 + 2*v**2 - v. Let s(i) = -i**3 - 4*i**2 - 3*i. Let x be s(-2). Determine m(x).
2
Let h(n) = n - 2. Let c be h(-2). Let y = 0 - c. Let a(i) = i**2 - 3*i. Calculate a(y).
4
Let s(l) = -5*l. Let b(a) = -a + 7. Suppose -30 = -13*i + 8*i. Let c be b(i). Give s(c).
-5
Let r(v) = 14*v**2 - v**3 - 35*v**2 - 2 + 24*v**2 - 2*v. Calculate r(3).
-8
Let g(h) = -h**2 + 3*h + 1. Let u(o) = o**3 + 7*o**2 + 11*o + 33. Let s be u(-6). What is g(s)?
1
Let m(q) = 3*q + 6. Let o(k) be the second derivative of -4*k**3/3 - 17*k**2/2 + 3*k. Let r(z) = -11*m(z) - 4*o(z). Give r(4).
-2
Let v(s) = s**3 - 6*s**2 - 8*s + 5. Suppose 4*t - 4 = -b + t, 5*b - 20 = 5*t. Suppose -b*k - 4 = -32. Let n be v(k). Let y(o) = -2*o - 3. What is y(n)?
1
Let s = 3 - 1. Let o(l) = 2*l**3 - 4*l + 1. Let y(p) = -8*p**3 - p**2 + 17*p - 3. Let w(g) = 9*o(g) + 2*y(g). Calculate w(s).
7
Let l(k) = 3. Let y(p) = -1. Let s(t) = l(t) + 2*y(t). Let r(q) = 2*q + 2. Let j(v) = -r(v) + 2*s(v). What is j(3)?
-6
Suppose x = -0*x - 5*m + 17, 0 = -x + 3*m - 15. Let f be (-2)/(-3) - 10/x. Let a(t) = 4 - f + t**2 - 2 + 5*t. Give a(-4).
-6
Let v(t) = 7 + 2 - 3*t + t**2 - 15 + 12. Let k be (-3)/2*16/(-6). Give v(k).
10
Let p(s) = 4*s**2 + 15*s - 13*s - 3*s**2 - 6. Determine p(-6).
18
Suppose l + 5 = 2*h, -2*h - 2 = -5*h - 4*l. Suppose -5*w = 5*j - 10, h*j - 10 = -3*j - 2*w. Let p(r) = 0*r + 3*r**2 - 11*r**j + r + 1. Calculate p(-1).
-8
Let c = -18 + 9. Let z = 13 + c. Let f(b) = -b**3 + 5*b**2 - 5*b. Determine f(z).
-4
Suppose 0*a = 5*a - 30. Let c(i) = i**2 - 7*i + 8. Let m be c(a). Let n(f) = -2*f. Calculate n(m).
-4
Let v(c) be the third derivative of -1/120*c**6 + 3/2*c**3 + 0 + 7*c**2 + 0*c - 1/24*c**4 + 0*c**5. Give v(0).
9
Let d(r) be the second derivative of r**8/6720 + r**7/840 - r**6/180 - r**5/30 + r**4/12 + 4*r. Let v(u) be the third derivative of d(u). Give v(-4).
-4
Let b be (-6)/(-39) - 44/(-52). Let t(h) = 13*h**2 - h. Determine t(b).
12
Let r(y) = -7*y**3 + y + 1. Let h be (0/(-2))/(0 - 1). Let c be (-1 - (-1 + h))/1. Suppose c = -n + l - 5, -n - 4*l = -6*l + 9. What is r(n)?
7
Let g = 9 + -6. Suppose 0 = -g*k - 5*i - 7, -i - 4 = 4*k + 3*i. Let n(x) = x**2 - x + 1. What is n(k)?
1
Let v(j) = -2*j**2 + j - 1. Suppose -4*b + 9 = 1. What is v(b)?
-7
Let i(d) = -d**2 + 5*d - 2. Let x be i(1). Let k(u) = u**2 + 3 + u**3 + 4*u**x - 6 + u. Give k(-4).
9
Let p(y) = 4*y**2 - 4*y. Let n(k) = -11*k**2 + 12*k + 1. Let g(b) = -3*n(b) - 8*p(b). Give g(5).
2
Let s(w) = -8*w**2 - 1 + 5*w**2 - 6*w**2. What is s(1)?
-10
Let w(a) be the first derivative of -a**2 + 1/3*a**3 + 4*a + 3. Let m(i) = i + 9. Let s be m(-6). Give w(s).
7
Let u(g) = 4*g + 3. Suppose -2*b - c - 9 = 0, 0 = -5*b - 3*c - 25 - 0. Calculate u(b).
-5
Let f(u) = -6*u**2 - 1 + 4*u**3 + 0*u**2 - 9*u**3 + 6*u**3 - u. What is f(6)?
-7
Let u(x) = 7*x**2 - 11*x - 2. Let w(h) = 20*h**2 - 33*h - 5. Let m(s) = 17*u(s) - 6*w(s). Give m(10).
6
Let j(b) be the first derivative of -b**4/4 - 2*b**3 + 7*b**2/2 - b - 1. Calculate j(-7).
-1
Let a be 6/4 + 1/(-2). Let p(i) = 2 + 0 + a - i - 4. Calculate p(-5).
4
Let w(k) = 1 - 4*k - 2 + 0. Suppose -12 + 15 = 3*d. Determine w(d).
-5
Let l(d) be the first derivative of -5*d**4/2 + d**3/3 + d**2/2 + d - 1. Let f = 42 + -43. What is l(f)?
11
Let o(l) = 4*l**3 - 10*l**2 + 11*l**2 + 2*l - 3*l. What is o(1)?
4
Let l(m) = -5*m**3 + 3*m**2 + m + 11. Let k(d) = 3*d**3 - 2*d**2 - d - 7. Let f(c) = 8*k(c) + 5*l(c). Determine f(-2).
9
Let o(d) be the first derivative of d**4/4 - 5*d**3/3 - 4*d**2 + 4*d + 19. Suppose -k = 5*z - 26, -4*z + 3 = -13. Determine o(k).
-8
Let n(r) = 0 - r - r**3 - 7*r**2 - 3*r + 4. Calculate n(-6).
-8
Suppose 2 = 